{"id":135443,"date":"2025-01-31T11:52:03","date_gmt":"2025-01-31T09:52:03","guid":{"rendered":"https:\/\/peimar.com\/2-0\/?page_id=135443"},"modified":"2025-02-21T19:10:36","modified_gmt":"2025-02-21T17:10:36","slug":"informativa-privacy","status":"publish","type":"page","link":"https:\/\/www.peimar.com\/esp\/informativa-privacy\/","title":{"rendered":"Peimar Supervisi\u00f3n de la informaci\u00f3n de los clientes"},"content":{"rendered":"<div class=\"wpb-content-wrapper\"><div data-parent=\"true\" class=\"vc_row row-container\" id=\"row-unique-0\"><div class=\"row quad-top-padding quad-bottom-padding single-h-padding limit-width row-parent\"><div class=\"wpb_row row-inner\"><div class=\"wpb_column pos-top pos-center align_left column_parent col-lg-12 single-internal-gutter\"><div class=\"uncol style-light\"  ><div class=\"uncoltable\"><div class=\"uncell\" ><div class=\"uncont no-block-padding col-custom-width\" style=\" max-width:65%;\" ><div class=\"uncode_text_column\" ><\/p>\n<p data-fusion-font=\"true\">De conformidad con los art\u00edculos 13 y 14 del Reglamento 2016\/679\/UE (en adelante \"GDPR\") PEIMAR S.R.L. (en adelante, el \"Responsable del Tratamiento\") con domicilio social en Brescia (BS), Via Cefalonia 70 - 25124, en calidad de \"Responsable del Tratamiento\", le informa de que sus datos personales recogidos a efectos de la celebraci\u00f3n del contrato con el Cliente y\/o en el \u00e1mbito de la ejecuci\u00f3n y\/o estipulaci\u00f3n del mismo ser\u00e1n tratados de conformidad con la normativa antes mencionada, con el fin de garantizar los derechos, las libertades fundamentales y la dignidad de las personas f\u00edsicas, con especial referencia a la confidencialidad y a la identidad personal. Le informamos de que si las actividades que le proporcionamos implican el tratamiento de datos personales de terceros en su posesi\u00f3n, ser\u00e1 su responsabilidad asegurarse de que ha cumplido con las disposiciones de la ley con respecto a los interesados para que su tratamiento por nuestra parte sea leg\u00edtimo.<\/p>\n<p>Origen, finalidad, base jur\u00eddica y naturaleza de los datos tratados<br \/>\nEl tratamiento de sus datos personales, directamente proporcionados por usted, es efectuado por PEIMAR S.R.L. con el fin de concluir el contrato con el Cliente y\/o en el \u00e1mbito de la ejecuci\u00f3n y\/o conclusi\u00f3n del mismo. Tambi\u00e9n es posible que se traten datos personales de terceros comunicados por el Cliente a la Sociedad. Con respecto a esta hip\u00f3tesis, el Cliente act\u00faa como responsable aut\u00f3nomo del tratamiento y asume las consiguientes obligaciones y responsabilidades legales, manteniendo indemne a la Empresa con respecto a cualquier controversia, reclamaci\u00f3n y\/o solicitud de indemnizaci\u00f3n por da\u00f1os y perjuicios derivados del tratamiento que pueda recibir la Empresa por parte de terceros. En cumplimiento de la legislaci\u00f3n vigente en materia de protecci\u00f3n de datos de car\u00e1cter personal y sin necesidad de consentimiento espec\u00edfico del Titular, los Datos ser\u00e1n almacenados, recogidos y tratados por la Empresa para los siguientes fines<\/p>\n<ul>\n<li style=\"list-style-type: none;\">\n<ul>\n<li>cumplimiento de las obligaciones contractuales, ejecuci\u00f3n y\/o celebraci\u00f3n del contrato con el cliente y\/o gesti\u00f3n de cualquier medida precontractual;<\/li>\n<li>el cumplimiento de cualesquiera obligaciones reglamentarias, disposiciones fiscales y tributarias derivadas del ejercicio de la actividad y obligaciones relacionadas con la actividad administrativo-contable;<\/li>\n<\/ul>\n<\/li>\n<\/ul>\n<p>Las bases jur\u00eddicas del tratamiento para las finalidades a) y b) anteriores son los art\u00edculos 6.1.b) y 6.1.c) del Reglamento. El suministro de los Datos para las finalidades mencionadas es facultativo, pero la falta de suministro de dichos Datos y la negativa a suministrarlos imposibilitar\u00eda a la Sociedad la ejecuci\u00f3n y\/o la celebraci\u00f3n del contrato y la prestaci\u00f3n de los servicios solicitados por la misma. El tratamiento de sus datos personales se refiere tambi\u00e9n a los siguientes datos, necesarios para el registro del usuario, de la instalaci\u00f3n y de la empresa en la app de la Sociedad:<\/p>\n<ul>\n<li style=\"list-style-type: none;\">\n<ul>\n<li>Direcci\u00f3n de correo electr\u00f3nico del usuario;<\/li>\n<li>Direcci\u00f3n de la planta y ciudad en la que se encuentra;<\/li>\n<\/ul>\n<\/li>\n<\/ul>\n<p>Los datos mencionados se recogen para permitir al cliente registrarse en la app de Peimar S.r.l. con el fin de analizar la producci\u00f3n energ\u00e9tica de la instalaci\u00f3n y optimizar el servicio de asistencia t\u00e9cnica. La base jur\u00eddica del tratamiento para los fines mencionados se indica en el art\u00edculo 6.1.a) del GDPR, ya que el tratamiento se basa en el consentimiento. La prestaci\u00f3n del consentimiento para el uso de dichos datos es facultativa y, en caso de que el interesado desee oponerse al tratamiento de los Datos para el registro en la app Peimar S.r.l. as\u00ed como retirar el consentimiento prestado, podr\u00e1 hacerlo en cualquier momento sin ninguna consecuencia (salvo el hecho de que se le impedir\u00e1 utilizar la app) siguiendo las instrucciones indicadas en la secci\u00f3n \"Derechos del interesado\" de la presente Nota informativa.<\/p>\n<p data-fusion-font=\"true\">Por \u00faltimo, le informamos que para el tratamiento efectuado con el fin de enviar su propio material publicitario o de venta directa o para llevar a cabo sus propios estudios de mercado o comunicaciones comerciales en relaci\u00f3n con productos o servicios similares a los utilizados por el Cliente, la Empresa podr\u00e1 utilizar direcciones de correo electr\u00f3nico o datos personales de conformidad y dentro de los l\u00edmites permitidos por el art\u00edculo 130, p\u00e1rrafo 4 del C\u00f3digo y por la disposici\u00f3n de la Autoridad Garante para la protecci\u00f3n de datos personales de 19 de junio de 2008, incluso en ausencia de consentimiento expl\u00edcito. La base jur\u00eddica para el tratamiento de los datos con este fin es el Art. 6, p\u00e1rrafo 1, letra f) del GDPR, sin perjuicio de la posibilidad de oponerse a dicho tratamiento en cualquier momento, siguiendo las instrucciones de la secci\u00f3n \"Derechos del interesado\" de la presente Nota Informativa.<\/p>\n<p data-fusion-font=\"true\">Comunicaci\u00f3n<br \/>\nLos datos podr\u00e1n ser comunicados a terceros designados como encargados del tratamiento de conformidad con el art\u00edculo 28 del GDPR y, en particular, a entidades bancarias, empresas activas en el \u00e1mbito de los seguros, proveedores de servicios estrictamente necesarios para el desempe\u00f1o de las actividades empresariales o asesores de la empresa, cuando ello resulte necesario por motivos fiscales, administrativos o contractuales o por exigencias amparadas por la normativa vigente.<\/p>\n<p data-fusion-font=\"true\">Sus datos personales, o los datos personales de terceros en su posesi\u00f3n, tambi\u00e9n pueden ser comunicados a empresas externas, identificadas de vez en cuando, a las que PEIMAR S.R.L. conf\u00eda el cumplimiento de las obligaciones derivadas de la asignaci\u00f3n recibida, a las que solo se transmitir\u00e1n los datos necesarios para las actividades que se les soliciten. Todos los empleados, consultores, interinos y \/ o cualquier otra \"persona f\u00edsica\" que lleven a cabo sus actividades sobre la base de las instrucciones recibidas de PEIMAR S.R.L., de conformidad con el art. 29 del GDPR, son designados \"Procesadores de Datos\" (en lo sucesivo tambi\u00e9n denominados \"Procesadores de Datos\"). PEIMAR S.R.L. impartir\u00e1 instrucciones operativas adecuadas a los Encargados o Responsables, si los hubiere, con especial referencia a la adopci\u00f3n y cumplimiento de las medidas de seguridad, a fin de garantizar la confidencialidad y seguridad de los datos. Precisamente en relaci\u00f3n con los aspectos de protecci\u00f3n de datos personales, se invita al Cliente, de conformidad con el art\u00edculo 33 del GDPR, a notificar a PEIMAR S.R.L. cualquier circunstancia o evento del que pueda derivarse una posible \"violaci\u00f3n de datos personales\" con el fin de permitir una evaluaci\u00f3n inmediata y la adopci\u00f3n de cualquier acci\u00f3n para contrarrestar dicho evento mediante el env\u00edo de una comunicaci\u00f3n a PEIMAR S.R.L. a los datos de contacto indicados a continuaci\u00f3n.<br \/>\nLos datos no se difundir\u00e1n.<br \/>\nTodo ello sin perjuicio de la obligaci\u00f3n de PEIMAR S.R.L. de comunicar los datos a las autoridades p\u00fablicas previa solicitud expresa.<\/p>\n<p data-fusion-font=\"true\">Traslado al extranjero<br \/>\nLos datos recogidos no se transfieren a servidores de pa\u00edses no europeos.<br \/>\nModalidades, l\u00f3gicas de tratamiento y tiempos de retenci\u00f3n<br \/>\nSus datos se recogen y registran de forma l\u00edcita y leal para los fines mencionados, de conformidad con los principios y requisitos del art\u00edculo 5 c 1 del RGPD.<br \/>\nEl tratamiento de los datos personales se realiza mediante instrumentos manuales, inform\u00e1ticos y telem\u00e1ticos, con l\u00f3gica estrictamente relacionada con las finalidades mismas y, en cualquier caso, de modo que se garantice la seguridad y la confidencialidad.<\/p>\n<p data-fusion-font=\"true\">Los datos personales ser\u00e1n tratados por PEIMAR S.R.L. durante toda la duraci\u00f3n del encargo y tambi\u00e9n posteriormente con el fin de hacer valer o proteger sus derechos o con fines administrativos y\/o para ejecutar las obligaciones derivadas del marco reglamentario y legislativo pro tempore aplicable y en cumplimiento de las obligaciones legales espec\u00edficas en materia de conservaci\u00f3n de datos.<\/p>\n<p data-fusion-font=\"true\">Derechos del interesado<br \/>\nDe acuerdo con, dentro de los l\u00edmites y en las condiciones previstas por la normativa de protecci\u00f3n de datos relativa al ejercicio de los derechos del Titular [1] en relaci\u00f3n con los tratamientos objeto de la presente Nota Informativa, como Titular tiene derecho a solicitar confirmaci\u00f3n acerca de si se est\u00e1n tratando o no datos personales que le conciernen, a acceder a los datos personales que le conciernen y en relaci\u00f3n con los mismos tiene derecho a solicitar su rectificaci\u00f3n, supresi\u00f3n la notificaci\u00f3n de la rectificaci\u00f3n y cancelaci\u00f3n a aquellos a quienes nuestra organizaci\u00f3n haya transmitido los datos, la limitaci\u00f3n del tratamiento en los casos previstos por la ley, la portabilidad de los datos personales -proporcionados por usted- en los casos indicados por la ley, a oponerse al tratamiento de sus datos y, en concreto, tiene derecho a oponerse a las decisiones que le conciernan si se basan \u00fanicamente en un tratamiento automatizado de sus datos, incluida la elaboraci\u00f3n de perfiles. Si considera que las operaciones de tratamiento que le conciernen infringen las normas del RGPD, tiene derecho a presentar una reclamaci\u00f3n ante el Garante de conformidad con el art\u00edculo 77 del RGPD. Si desea solicitar m\u00e1s informaci\u00f3n sobre el tratamiento de sus datos personales o ejercer sus derechos, escriba a Marco Casale (info@peimar.com).<\/p>\n<p data-fusion-font=\"true\">Controlador de datos<br \/>\nEl controlador de datos, de conformidad con el art\u00edculo 4 del GDPR, es PEIMAR S.R.L., Via Cefalonia 70 - 25124 Brescia (BS) P.IVA: 03416340986 - CF: 03416340986<\/p>\n<p>Responsable de protecci\u00f3n de datos<br \/>\nPuede ponerse en contacto con el RPD (responsable de la protecci\u00f3n de datos) designado por el responsable del tratamiento de conformidad con los art\u00edculos 37 y siguientes del RGPD en la direcci\u00f3n de correo electr\u00f3nico privacy@peimar.com.<\/p>\n<p>El responsable del tratamiento<br \/>\nPEIMAR S.R.L.<br \/>\n30\/10\/2020<\/p>\n<\/div><div class=\"uncode_text_column text-small\" ><p>[1] ex art\u00edculo 12 y art\u00edculos 15 a 22 del Reglamento 2016\/679\/UE<\/p>\n<\/div><\/div><\/div><\/div><\/div><\/div><script id=\"script-row-unique-0\" data-row=\"script-row-unique-0\" type=\"text\/javascript\" class=\"vc_controls\">UNCODE.initRow(document.getElementById(\"row-unique-0\"));<\/script><\/div><\/div><\/div>\n<\/div>","protected":false},"excerpt":{"rendered":"Ai sensi degli artt. 13 e 14 del Regolamento 2016\/679\/UE (nel seguito \u201cGDPR\u201d) PEIMAR S.R.L. (nel seguito \u201cTitolare\u201d) con sede [...]","protected":false},"author":17,"featured_media":0,"parent":0,"menu_order":0,"comment_status":"closed","ping_status":"closed","template":"","meta":{"footnotes":""},"class_list":["post-135443","page","type-page","status-publish","hentry"],"_links":{"self":[{"href":"https:\/\/www.peimar.com\/esp\/wp-json\/wp\/v2\/pages\/135443","targetHints":{"allow":["GET"]}}],"collection":[{"href":"https:\/\/www.peimar.com\/esp\/wp-json\/wp\/v2\/pages"}],"about":[{"href":"https:\/\/www.peimar.com\/esp\/wp-json\/wp\/v2\/types\/page"}],"author":[{"embeddable":true,"href":"https:\/\/www.peimar.com\/esp\/wp-json\/wp\/v2\/users\/17"}],"replies":[{"embeddable":true,"href":"https:\/\/www.peimar.com\/esp\/wp-json\/wp\/v2\/comments?post=135443"}],"version-history":[{"count":0,"href":"https:\/\/www.peimar.com\/esp\/wp-json\/wp\/v2\/pages\/135443\/revisions"}],"wp:attachment":[{"href":"https:\/\/www.peimar.com\/esp\/wp-json\/wp\/v2\/media?parent=135443"}],"curies":[{"name":"wp","href":"https:\/\/api.w.org\/{rel}","templated":true}]}}